{"id":10447,"date":"2019-07-10T17:12:23","date_gmt":"2019-07-10T16:12:23","guid":{"rendered":"https:\/\/www.franceabris.com\/BLOG\/wp-content\/uploads\/2019\/07\/3114-carport-m\u00e9tal-livr\u00e9-mont\u00e9.jpg"},"modified":"2019-07-10T17:34:16","modified_gmt":"2019-07-10T16:34:16","slug":"3114-carport-metal-livre-monte","status":"inherit","type":"attachment","link":"https:\/\/www.franceabris.com\/BLOG\/3114-carport-metal-livre-monte\/","title":{"rendered":"3114 carport m\u00e9tal livr\u00e9 mont\u00e9"},"author":2,"comment_status":"closed","ping_status":"closed","template":"","meta":[],"description":{"rendered":"<p class=\"attachment\"><a href='https:\/\/www.franceabris.com\/BLOG\/wp-content\/uploads\/2019\/07\/3114-carport-m\u00e9tal-livr\u00e9-mont\u00e9.jpg'><img width=\"328\" height=\"240\" src=\"https:\/\/www.franceabris.com\/BLOG\/wp-content\/uploads\/2019\/07\/3114-carport-m\u00e9tal-livr\u00e9-mont\u00e9-328x240.jpg\" class=\"attachment-medium size-medium\" alt=\"abri voiture montage inclus\" decoding=\"async\" loading=\"lazy\" srcset=\"https:\/\/www.franceabris.com\/BLOG\/wp-content\/uploads\/2019\/07\/3114-carport-m\u00e9tal-livr\u00e9-mont\u00e9-328x240.jpg 328w, https:\/\/www.franceabris.com\/BLOG\/wp-content\/uploads\/2019\/07\/3114-carport-m\u00e9tal-livr\u00e9-mont\u00e9-134x98.jpg 134w, https:\/\/www.franceabris.com\/BLOG\/wp-content\/uploads\/2019\/07\/3114-carport-m\u00e9tal-livr\u00e9-mont\u00e9.jpg 396w\" sizes=\"(max-width: 328px) 100vw, 328px\" \/><\/a><\/p>\n"},"caption":{"rendered":""},"alt_text":"abri voiture montage inclus","media_type":"image","mime_type":"image\/jpeg","media_details":{"width":396,"height":290,"file":"2019\/07\/3114-carport-m\u00e9tal-livr\u00e9-mont\u00e9.jpg","sizes":{"thumbnail":{"file":"3114-carport-m\u00e9tal-livr\u00e9-mont\u00e9-134x98.jpg","width":134,"height":98,"mime_type":"image\/jpeg","source_url":"https:\/\/www.franceabris.com\/BLOG\/wp-content\/uploads\/2019\/07\/3114-carport-m\u00e9tal-livr\u00e9-mont\u00e9-134x98.jpg"},"medium":{"file":"3114-carport-m\u00e9tal-livr\u00e9-mont\u00e9-328x240.jpg","width":328,"height":240,"mime_type":"image\/jpeg","source_url":"https:\/\/www.franceabris.com\/BLOG\/wp-content\/uploads\/2019\/07\/3114-carport-m\u00e9tal-livr\u00e9-mont\u00e9-328x240.jpg"},"min_alaune":{"file":"3114-carport-m\u00e9tal-livr\u00e9-mont\u00e9-396x267.jpg","width":396,"height":267,"mime_type":"image\/jpeg","source_url":"https:\/\/www.franceabris.com\/BLOG\/wp-content\/uploads\/2019\/07\/3114-carport-m\u00e9tal-livr\u00e9-mont\u00e9-396x267.jpg"},"min_conseilspratiques":{"file":"3114-carport-m\u00e9tal-livr\u00e9-mont\u00e9-396x206.jpg","width":396,"height":206,"mime_type":"image\/jpeg","source_url":"https:\/\/www.franceabris.com\/BLOG\/wp-content\/uploads\/2019\/07\/3114-carport-m\u00e9tal-livr\u00e9-mont\u00e9-396x206.jpg"},"min_related":{"file":"3114-carport-m\u00e9tal-livr\u00e9-mont\u00e9-300x157.jpg","width":300,"height":157,"mime_type":"image\/jpeg","source_url":"https:\/\/www.franceabris.com\/BLOG\/wp-content\/uploads\/2019\/07\/3114-carport-m\u00e9tal-livr\u00e9-mont\u00e9-300x157.jpg"},"video":{"file":"3114-carport-m\u00e9tal-livr\u00e9-mont\u00e9-375x220.jpg","width":375,"height":220,"mime_type":"image\/jpeg","source_url":"https:\/\/www.franceabris.com\/BLOG\/wp-content\/uploads\/2019\/07\/3114-carport-m\u00e9tal-livr\u00e9-mont\u00e9-375x220.jpg"},"full":{"file":"3114-carport-m\u00e9tal-livr\u00e9-mont\u00e9.jpg","width":396,"height":290,"mime_type":"image\/jpeg","source_url":"https:\/\/www.franceabris.com\/BLOG\/wp-content\/uploads\/2019\/07\/3114-carport-m\u00e9tal-livr\u00e9-mont\u00e9.jpg"}},"image_meta":{"aperture":"0","credit":"","camera":"","caption":"","created_timestamp":"0","copyright":"","focal_length":"0","iso":"0","shutter_speed":"0","title":"","orientation":"0","keywords":[]}},"post":null,"source_url":"https:\/\/www.franceabris.com\/BLOG\/wp-content\/uploads\/2019\/07\/3114-carport-m\u00e9tal-livr\u00e9-mont\u00e9.jpg","_links":{"self":[{"href":"https:\/\/www.franceabris.com\/BLOG\/wp-json\/wp\/v2\/media\/10447"}],"collection":[{"href":"https:\/\/www.franceabris.com\/BLOG\/wp-json\/wp\/v2\/media"}],"about":[{"href":"https:\/\/www.franceabris.com\/BLOG\/wp-json\/wp\/v2\/types\/attachment"}],"author":[{"embeddable":true,"href":"https:\/\/www.franceabris.com\/BLOG\/wp-json\/wp\/v2\/users\/2"}],"replies":[{"embeddable":true,"href":"https:\/\/www.franceabris.com\/BLOG\/wp-json\/wp\/v2\/comments?post=10447"}]}}

https://www.franceabris.com/BLOG/wp-content/uploads/2019/07/3114-carport-métal-livré-monté.jpg

3114 carport métal livré monté

<p class="attachment"><a href='https://www.franceabris.com/BLOG/wp-content/uploads/2019/07/3114-carport-métal-livré-monté.jpg'><img width="328" height="240" src="https://www.franceabris.com/BLOG/wp-content/uploads/2019/07/3114-carport-métal-livré-monté-328x240.jpg" class="attachment-medium size-medium" alt="abri voiture montage inclus" decoding="async" loading="lazy" srcset="https://www.franceabris.com/BLOG/wp-content/uploads/2019/07/3114-carport-métal-livré-monté-328x240.jpg 328w, https://www.franceabris.com/BLOG/wp-content/uploads/2019/07/3114-carport-métal-livré-monté-134x98.jpg 134w, https://www.franceabris.com/BLOG/wp-content/uploads/2019/07/3114-carport-métal-livré-monté.jpg 396w" sizes="(max-width: 328px) 100vw, 328px" /></a></p>

2019/07/3114-carport-métal-livré-monté.jpg

3114-carport-métal-livré-monté-134x98.jpg

https://www.franceabris.com/BLOG/wp-content/uploads/2019/07/3114-carport-métal-livré-monté-134x98.jpg

3114-carport-métal-livré-monté-328x240.jpg

https://www.franceabris.com/BLOG/wp-content/uploads/2019/07/3114-carport-métal-livré-monté-328x240.jpg

3114-carport-métal-livré-monté-396x267.jpg

https://www.franceabris.com/BLOG/wp-content/uploads/2019/07/3114-carport-métal-livré-monté-396x267.jpg

3114-carport-métal-livré-monté-396x206.jpg

https://www.franceabris.com/BLOG/wp-content/uploads/2019/07/3114-carport-métal-livré-monté-396x206.jpg

3114-carport-métal-livré-monté-300x157.jpg

https://www.franceabris.com/BLOG/wp-content/uploads/2019/07/3114-carport-métal-livré-monté-300x157.jpg

3114-carport-métal-livré-monté-375x220.jpg

https://www.franceabris.com/BLOG/wp-content/uploads/2019/07/3114-carport-métal-livré-monté-375x220.jpg

3114-carport-métal-livré-monté.jpg
