{"id":10498,"date":"2019-07-23T16:09:32","date_gmt":"2019-07-23T15:09:32","guid":{"rendered":"https:\/\/www.franceabris.com\/BLOG\/wp-content\/uploads\/2019\/07\/3859-abri-de-jardin-16-m.jpg"},"modified":"2019-07-23T16:10:15","modified_gmt":"2019-07-23T15:10:15","slug":"3859-abri-de-jardin-16-m","status":"inherit","type":"attachment","link":"https:\/\/www.franceabris.com\/BLOG\/3859-abri-de-jardin-16-m\/","title":{"rendered":"3859 abri de jardin 16 m"},"author":2,"comment_status":"closed","ping_status":"closed","template":"","meta":[],"description":{"rendered":"<p class=\"attachment\"><a href='https:\/\/www.franceabris.com\/BLOG\/wp-content\/uploads\/2019\/07\/3859-abri-de-jardin-16-m.jpg'><img width=\"328\" height=\"240\" src=\"https:\/\/www.franceabris.com\/BLOG\/wp-content\/uploads\/2019\/07\/3859-abri-de-jardin-16-m-328x240.jpg\" class=\"attachment-medium size-medium\" alt=\"abri de jardin grande surface\" decoding=\"async\" loading=\"lazy\" srcset=\"https:\/\/www.franceabris.com\/BLOG\/wp-content\/uploads\/2019\/07\/3859-abri-de-jardin-16-m-328x240.jpg 328w, https:\/\/www.franceabris.com\/BLOG\/wp-content\/uploads\/2019\/07\/3859-abri-de-jardin-16-m-134x98.jpg 134w, https:\/\/www.franceabris.com\/BLOG\/wp-content\/uploads\/2019\/07\/3859-abri-de-jardin-16-m.jpg 396w\" sizes=\"(max-width: 328px) 100vw, 328px\" \/><\/a><\/p>\n"},"caption":{"rendered":"<p>A Raon-aux-Bois, cet abri de jardin de 16 m\u00b2, disponible sous la r\u00e9f\u00e9rence ID3859, ne serait pas soumis \u00e0 la taxe d&rsquo;am\u00e9nagement.<\/p>\n"},"alt_text":"abri de jardin grande surface","media_type":"image","mime_type":"image\/jpeg","media_details":{"width":396,"height":290,"file":"2019\/07\/3859-abri-de-jardin-16-m.jpg","sizes":{"thumbnail":{"file":"3859-abri-de-jardin-16-m-134x98.jpg","width":134,"height":98,"mime_type":"image\/jpeg","source_url":"https:\/\/www.franceabris.com\/BLOG\/wp-content\/uploads\/2019\/07\/3859-abri-de-jardin-16-m-134x98.jpg"},"medium":{"file":"3859-abri-de-jardin-16-m-328x240.jpg","width":328,"height":240,"mime_type":"image\/jpeg","source_url":"https:\/\/www.franceabris.com\/BLOG\/wp-content\/uploads\/2019\/07\/3859-abri-de-jardin-16-m-328x240.jpg"},"min_alaune":{"file":"3859-abri-de-jardin-16-m-396x267.jpg","width":396,"height":267,"mime_type":"image\/jpeg","source_url":"https:\/\/www.franceabris.com\/BLOG\/wp-content\/uploads\/2019\/07\/3859-abri-de-jardin-16-m-396x267.jpg"},"min_conseilspratiques":{"file":"3859-abri-de-jardin-16-m-396x206.jpg","width":396,"height":206,"mime_type":"image\/jpeg","source_url":"https:\/\/www.franceabris.com\/BLOG\/wp-content\/uploads\/2019\/07\/3859-abri-de-jardin-16-m-396x206.jpg"},"min_related":{"file":"3859-abri-de-jardin-16-m-300x157.jpg","width":300,"height":157,"mime_type":"image\/jpeg","source_url":"https:\/\/www.franceabris.com\/BLOG\/wp-content\/uploads\/2019\/07\/3859-abri-de-jardin-16-m-300x157.jpg"},"video":{"file":"3859-abri-de-jardin-16-m-375x220.jpg","width":375,"height":220,"mime_type":"image\/jpeg","source_url":"https:\/\/www.franceabris.com\/BLOG\/wp-content\/uploads\/2019\/07\/3859-abri-de-jardin-16-m-375x220.jpg"},"full":{"file":"3859-abri-de-jardin-16-m.jpg","width":396,"height":290,"mime_type":"image\/jpeg","source_url":"https:\/\/www.franceabris.com\/BLOG\/wp-content\/uploads\/2019\/07\/3859-abri-de-jardin-16-m.jpg"}},"image_meta":{"aperture":"0","credit":"","camera":"","caption":"","created_timestamp":"0","copyright":"","focal_length":"0","iso":"0","shutter_speed":"0","title":"","orientation":"0","keywords":[]}},"post":null,"source_url":"https:\/\/www.franceabris.com\/BLOG\/wp-content\/uploads\/2019\/07\/3859-abri-de-jardin-16-m.jpg","_links":{"self":[{"href":"https:\/\/www.franceabris.com\/BLOG\/wp-json\/wp\/v2\/media\/10498"}],"collection":[{"href":"https:\/\/www.franceabris.com\/BLOG\/wp-json\/wp\/v2\/media"}],"about":[{"href":"https:\/\/www.franceabris.com\/BLOG\/wp-json\/wp\/v2\/types\/attachment"}],"author":[{"embeddable":true,"href":"https:\/\/www.franceabris.com\/BLOG\/wp-json\/wp\/v2\/users\/2"}],"replies":[{"embeddable":true,"href":"https:\/\/www.franceabris.com\/BLOG\/wp-json\/wp\/v2\/comments?post=10498"}]}}

<p>A Raon-aux-Bois, cet abri de jardin de 16 m², disponible sous la référence ID3859, ne serait pas soumis à la taxe d&rsquo;aménagement.</p>
