{"id":10583,"date":"2019-09-04T10:52:48","date_gmt":"2019-09-04T09:52:48","guid":{"rendered":"https:\/\/www.franceabris.com\/BLOG\/wp-content\/uploads\/2019\/09\/car-984159_1280.jpg"},"modified":"2019-09-04T10:53:24","modified_gmt":"2019-09-04T09:53:24","slug":"car-984159_1280","status":"inherit","type":"attachment","link":"https:\/\/www.franceabris.com\/BLOG\/la-solution-du-garage-temporaire-pour-installer-une-tente-en-toile-pour-la-voiture\/car-984159_1280\/","title":{"rendered":"car-984159_1280"},"author":2,"comment_status":"closed","ping_status":"closed","template":"","meta":[],"description":{"rendered":"<p class=\"attachment\"><a href='https:\/\/www.franceabris.com\/BLOG\/wp-content\/uploads\/2019\/09\/car-984159_1280.jpg'><img width=\"363\" height=\"240\" src=\"https:\/\/www.franceabris.com\/BLOG\/wp-content\/uploads\/2019\/09\/car-984159_1280-363x240.jpg\" class=\"attachment-medium size-medium\" alt=\"un abri toile pour la voiture\" decoding=\"async\" loading=\"lazy\" srcset=\"https:\/\/www.franceabris.com\/BLOG\/wp-content\/uploads\/2019\/09\/car-984159_1280-363x240.jpg 363w, https:\/\/www.franceabris.com\/BLOG\/wp-content\/uploads\/2019\/09\/car-984159_1280-148x98.jpg 148w, https:\/\/www.franceabris.com\/BLOG\/wp-content\/uploads\/2019\/09\/car-984159_1280-768x508.jpg 768w, https:\/\/www.franceabris.com\/BLOG\/wp-content\/uploads\/2019\/09\/car-984159_1280-607x402.jpg 607w, https:\/\/www.franceabris.com\/BLOG\/wp-content\/uploads\/2019\/09\/car-984159_1280.jpg 1280w\" sizes=\"(max-width: 363px) 100vw, 363px\" \/><\/a><\/p>\n"},"caption":{"rendered":"<p>Expos\u00e9e aux intemp\u00e9ries, la voiture peut vite en subir les effets et voir son \u00e9tat se d\u00e9grader. Prot\u00e9gez-la lorsque la saison le r\u00e9clame !<\/p>\n"},"alt_text":"un abri toile pour la voiture","media_type":"image","mime_type":"image\/jpeg","media_details":{"width":1280,"height":847,"file":"2019\/09\/car-984159_1280.jpg","sizes":{"thumbnail":{"file":"car-984159_1280-148x98.jpg","width":148,"height":98,"mime_type":"image\/jpeg","source_url":"https:\/\/www.franceabris.com\/BLOG\/wp-content\/uploads\/2019\/09\/car-984159_1280-148x98.jpg"},"medium":{"file":"car-984159_1280-363x240.jpg","width":363,"height":240,"mime_type":"image\/jpeg","source_url":"https:\/\/www.franceabris.com\/BLOG\/wp-content\/uploads\/2019\/09\/car-984159_1280-363x240.jpg"},"medium_large":{"file":"car-984159_1280-768x508.jpg","width":768,"height":508,"mime_type":"image\/jpeg","source_url":"https:\/\/www.franceabris.com\/BLOG\/wp-content\/uploads\/2019\/09\/car-984159_1280-768x508.jpg"},"large":{"file":"car-984159_1280-607x402.jpg","width":607,"height":402,"mime_type":"image\/jpeg","source_url":"https:\/\/www.franceabris.com\/BLOG\/wp-content\/uploads\/2019\/09\/car-984159_1280-607x402.jpg"},"min_alaune":{"file":"car-984159_1280-422x267.jpg","width":422,"height":267,"mime_type":"image\/jpeg","source_url":"https:\/\/www.franceabris.com\/BLOG\/wp-content\/uploads\/2019\/09\/car-984159_1280-422x267.jpg"},"min_conseilspratiques":{"file":"car-984159_1280-399x206.jpg","width":399,"height":206,"mime_type":"image\/jpeg","source_url":"https:\/\/www.franceabris.com\/BLOG\/wp-content\/uploads\/2019\/09\/car-984159_1280-399x206.jpg"},"min_related":{"file":"car-984159_1280-300x157.jpg","width":300,"height":157,"mime_type":"image\/jpeg","source_url":"https:\/\/www.franceabris.com\/BLOG\/wp-content\/uploads\/2019\/09\/car-984159_1280-300x157.jpg"},"video":{"file":"car-984159_1280-375x220.jpg","width":375,"height":220,"mime_type":"image\/jpeg","source_url":"https:\/\/www.franceabris.com\/BLOG\/wp-content\/uploads\/2019\/09\/car-984159_1280-375x220.jpg"},"post-thumbnail":{"file":"car-984159_1280-825x510.jpg","width":825,"height":510,"mime_type":"image\/jpeg","source_url":"https:\/\/www.franceabris.com\/BLOG\/wp-content\/uploads\/2019\/09\/car-984159_1280-825x510.jpg"},"full":{"file":"car-984159_1280.jpg","width":1280,"height":847,"mime_type":"image\/jpeg","source_url":"https:\/\/www.franceabris.com\/BLOG\/wp-content\/uploads\/2019\/09\/car-984159_1280.jpg"}},"image_meta":{"aperture":"0","credit":"","camera":"","caption":"","created_timestamp":"0","copyright":"","focal_length":"0","iso":"0","shutter_speed":"0","title":"","orientation":"0","keywords":[]}},"post":10581,"source_url":"https:\/\/www.franceabris.com\/BLOG\/wp-content\/uploads\/2019\/09\/car-984159_1280.jpg","_links":{"self":[{"href":"https:\/\/www.franceabris.com\/BLOG\/wp-json\/wp\/v2\/media\/10583"}],"collection":[{"href":"https:\/\/www.franceabris.com\/BLOG\/wp-json\/wp\/v2\/media"}],"about":[{"href":"https:\/\/www.franceabris.com\/BLOG\/wp-json\/wp\/v2\/types\/attachment"}],"author":[{"embeddable":true,"href":"https:\/\/www.franceabris.com\/BLOG\/wp-json\/wp\/v2\/users\/2"}],"replies":[{"embeddable":true,"href":"https:\/\/www.franceabris.com\/BLOG\/wp-json\/wp\/v2\/comments?post=10583"}]}}

<p>Exposée aux intempéries, la voiture peut vite en subir les effets et voir son état se dégrader. Protégez-la lorsque la saison le réclame !</p>
